 when 33 is divided by y?
3
Let q = 7 - 1. Suppose 0 = -2*g + 23 - 13. What is the remainder when g is divided by (4/q)/((-6)/(-18))?
1
Let i be 0/(-3) - (18/2)/1. What is the remainder when 17 is divided by (30/i)/((-12)/9 - -1)?
7
Suppose 10*i - 220 - 910 = 0. Let r = 14 + i. What is the remainder when r is divided by 26?
23
Let y(r) = r**2 + 49*r + 370. Suppose -5*b + 4*h + 306 = 0, 0 = 3*b - 5*h + h - 190. Calculate the remainder when b is divided by y(-40).
8
Suppose 96 = -6*f - 156. Calculate the remainder when -101*2*21/f is divided by 26.
23
Let v = -48 + 82. Let i = 44 - 31. Let r = 5 + i. Calculate the remainder when v is divided by r.
16
Suppose -3*h + 5*v + 214 = 0, 0 = -3*h - v - 0*v + 220. Calculate the remainder when 360 is divided by h.
68
Let z(c) = 2*c + 25. Calculate the remainder when 144 is divided by z(0).
19
Let o(h) = -12*h**3 + 4*h**2 - 3*h - 8. Calculate the remainder when o(-4) is divided by 31.
30
Let x(h) = -h**3 + 8*h**2 - 8*h + 3. Let n be x(5). Let z = 41 - n. What is the remainder when 16 is divided by z?
1
Let c(w) = w**3 + 9*w**2 - w - 12. Let v be c(-9). What is the remainder when 122 is divided by 41/((v - -3) + 1)?
40
Let s(u) = u**2 - u + 9. Let g be s(-4). Suppose -g + 209 = 9*z. Calculate the remainder when z is divided by 11.
9
Let f(w) = -w**3 + 8*w**2 - 2*w + 3. Calculate the remainder when 202 is divided by f(3).
34
Let n(w) = w**2 - 27*w - 34. What is the remainder when n(31) is divided by 50?
40
Suppose -4*p + 47 = 5*m - 1, -2*m + 36 = 3*p. Calculate the remainder when 34 is divided by p.
10
Calculate the remainder when 46 is divided by 6 - ((-1)/(-2))/(13/(-650)).
15
What is the remainder when (-252)/(-10)*2700/315 is divided by 2?
0
Let a be (1 - 5)*(-8)/(-16). Let h(j) = -3*j**3 - 3*j**2 - 3*j - 2. Let m = 230 - 169. What is the remainder when m is divided by h(a)?
13
Let r be 56/(-12) + (-2)/6. Calculate the remainder when (-1 + r/4)/(1/(-12)) is divided by (-2)/(-4) - 38/(-4).
7
Suppose k = 3*b - 121, -3*b = -b - k - 79. What is the remainder when 251 is divided by b?
41
Suppose 3*s = -3*t - 3 + 12, -4 = -2*t - 4*s. What is the remainder when 3/(-12)*-22*2 is divided by t?
3
Suppose 12 = 5*g - 3. Suppose 0 = -g*y + 5*j + 82, 5*y - 74 = 2*y + j. Calculate the remainder when y is divided by 9.
6
Let m = -10275 - -10351. Let n be (10 + 0)/(-1) + -2. Let p = 1 - n. What is the remainder when m is divided by p?
11
Let j = -37 + 44. Let z be (-2)/(-2*3/(-27)). Let p = z - -35. What is the remainder when p is divided by j?
5
Let v = 7 - 4. What is the remainder when (-21)/((-3)/1 - 0) is divided by v?
1
Let x be (-119)/(-4) - -2*(-5)/(-40). Calculate the remainder when x/105 + (-306)/(-7) is divided by ((-2)/1)/(2/(-12)).
8
Let u be 146/(-6) - (-6)/18. Suppose -43 = -w - 4*o + 8*o, -3*o = 12. Calculate the remainder when w is divided by (-107)/(-7) - (2 + u/14).
12
What is the remainder when 85 is divided by (55/(-66))/((-4)/72)?
10
Suppose -n - 3400 + 4178 = 0. Calculate the remainder when n is divided by 20.
18
Let b(n) = -2*n**3 - 4*n**2 - 17*n - 27. What is the remainder when b(-5) is divided by 71?
66
Let f be (12/(-6) - (0 - 2))/2. Suppose 4*r - 17 - 87 = f. Let p(a) = a**2 - a + 3. Calculate the remainder when r is divided by p(4).
11
Let p(y) = -y**3 + 16*y**2 - 21*y - 20. Calculate the remainder when 167 is divided by p(14).
11
Let x = 5 + -2. Let p(l) = l**3 + 13*l**2 - 3*l + 7. Let w be p(-13). Suppose -w*g = -42*g - 36. Calculate the remainder when g is divided by x.
0
Suppose -i - 258 = -4*f - 2*i, 0 = 5*f + i - 322. Let j = 496 - 479. Calculate the remainder when f is divided by j.
13
Suppose 4*l = -489 + 689. Calculate the remainder when l is divided by 29.
21
Let v = 401 + -376. Calculate the remainder when 147 is divided by v.
22
Suppose 0 = -2*f + r + 247, -8*r + 13*r + 110 = f. Calculate the remainder when f is divided by 106.
19
Suppose 2*r - 2*j = 512, -5*r + 1696 = 4*j + 434. Calculate the remainder when r is divided by 132.
122
Let k = -64 - -85. What is the remainder when 377 is divided by k?
20
Let m be 28/(-6)*(0 - (-42)/(-7)). Let l be (-74)/10 + (-4)/(-10). Calculate the remainder when 13 is divided by m/l*7/(-4).
6
Let v(g) = 8*g**2 - 3*g - 2. Suppose -3 = -5*a + 17. Let o(s) = s**3 - 4*s**2 - 3. Let b be o(a). What is the remainder when v(b) is divided by 20?
19
Let j(o) = -o**3 - 12*o**2 - 11*o + 9. Let q = -10 + 12. Suppose -5*h + 5*c = -q*h - 149, 4*c = -5*h + 273. What is the remainder when h is divided by j(-11)?
8
Let s be 0/2*(-7)/(-14). Suppose -3*r - u + 22 = s, -13 = -3*r + u + 1. What is the remainder when 10 is divided by r?
4
Suppose -2*i - 238 = -5*t, 3*t - 139 = 7*i - 2*i. Suppose -3*d - t = -9*d. Let r(o) = o**2 - o + 21. Calculate the remainder when r(0) is divided by d.
5
Let v(g) = g**2 + 41*g + 28. What is the remainder when v(-41) is divided by 3?
1
Let b be 21/2*6/9. Suppose -2*g = -g - b. Let s(c) = c. What is the remainder when 19 is divided by s(g)?
5
Suppose -5*r + 2*h - 30 = -0*r, 0 = -4*r - 2*h - 24. What is the remainder when (-2 - -19)*(r + 7) is divided by 5?
2
Let l(f) = f**3 - 9*f**2 - 42*f - 27. What is the remainder when l(13) is divided by 27?
22
Suppose 0 = -5*v + 2*z + 19 - 0, -12 = -4*z. Suppose 7 = -v*i + 6*i. Let s(r) = r**3 - 7*r**2 + 5. Calculate the remainder when s(i) is divided by 3.
2
Let c(p) = -8*p + 118. Let n(y) = -y**2 - 5*y + 6. What is the remainder when c(13) is divided by n(-5)?
2
Suppose -2*r + z = -153, 3*r - 4*z = -6*z + 233. Suppose -4*d - y + 176 = 0, 0 = 5*d + 2*y - 143 - r. What is the remainder when d is divided by 16?
12
Let s(v) = 3*v**2 - 3*v + 2*v**2 + 3*v**2 + v**3. Let q(w) = -w - 12. Let y be q(-4). What is the remainder when 45 is divided by s(y)?
21
Let p(c) = c**2 + 3*c + 2. Suppose 5*w - 13 = f, -3*f - 2*f = 2*w + 11. Let o(g) = g**3 - g**2 - g + 7. What is the remainder when o(0) is divided by p(f)?
1
Let u = 438 + -397. Calculate the remainder when 76 is divided by u.
35
Calculate the remainder when 40 is divided by (4 + -2)*27/6.
4
Suppose 0 = 4*j - 5 - 43. Suppose w + 14 = -17. Let t = 89 + w. What is the remainder when t is divided by j?
10
Let p be (-3 - 0)*(-2 + -1). Suppose 0 = -2*w + 5*s + 16, -w + 2*w - 3*s - p = 0. Suppose 9 = -7*y + 72. What is the remainder when y is divided by w?
0
Calculate the remainder when ((-5355)/170)/(2/(-8)) is divided by 13.
9
What is the remainder when 32 is divided by 24/84*21/2?
2
Suppose -2*c = -442 - 96. What is the remainder when c is divided by 8?
5
Suppose -13*f - 360 = -58*f. Calculate the remainder when 431 is divided by f.
7
Suppose d + 2*j = 46, -2*d - 6*j + 89 = -5*j. What is the remainder when 86 is divided by d?
42
Let r(z) = z**3 + 8*z**2 - 6*z - 20. What is the remainder when 53 is divided by r(-8)?
25
Let r(a) be the third derivative of 4*a**5/15 - a**4/12 + a**3/6 + 8*a**2. Let g(q) = 5*q - 4. Calculate the remainder when r(2) is divided by g(4).
13
Let f = 17 - 9. Let d(r) = -6*r**2 - 58*r - 34. What is the remainder when d(-8) is divided by f?
6
Let c(u) = 2*u + 31. Let y(n) = n**3 - 9*n**2 - n - 1. Let r be y(9). Calculate the remainder when 20 is divided by c(r).
9
Suppose t = -4*c + 110, -3*t + 316 = -0*c - 2*c. Let r = 155 - t. Calculate the remainder when r is divided by 17.
15
Suppose 3772 = 5*q - 5*l - 968, -3790 = -4*q + 3*l. Suppose -q = -11*d + 550. Calculate the remainder when d is divided by 23.
21
Calculate the remainder when 233 is divided by (-72693)/(-788) - (-6)/8.
47
Let n = -105 + 107. Suppose n*o - 4*c = -10 + 36, 0 = 4*o + c - 52. What is the remainder when 34 is divided by o?
8
Let s(v) = 9*v**3 + 2*v + 11. Calculate the remainder when s(3) is divided by 19.
13
Suppose 3*q - 60 = -3*i, -5*q - 4*i - 7 = -111. Calculate the remainder when 3*((-17)/(-1) + -2) is divided by q.
21
Let i = 234 - 401. What is the remainder when i/(-11) - 1 - (-24)/(-132) is divided by 10?
4
Suppose -4*i + 3*m + 482 = 4*m, -4*i - 3*m + 486 = 0. Suppose -10 - i = -5*d. Calculate the remainder when d is divided by 7.
5
Suppose i + t + t = 142, -i - t + 147 = 0. Calculate the remainder when i is divided by 26.
22
Let k be 1 + (-3 - -1) + -1. Let g = k - -45. Calculate the remainder when 127 is divided by g.
41
Let i = 40 - 36. Let z be (